{"id":88,"date":"2020-09-30T13:29:07","date_gmt":"2020-09-30T13:29:07","guid":{"rendered":"http:\/\/spstawiski.pl\/?page_id=88"},"modified":"2021-10-11T22:41:59","modified_gmt":"2021-10-11T22:41:59","slug":"patron","status":"publish","type":"page","link":"https:\/\/spstawiski.pl\/?page_id=88","title":{"rendered":"PATRON"},"content":{"rendered":"<h5 style=\"text-align: center;\"><img loading=\"lazy\" decoding=\"async\" class=\"alignnone size-full wp-image-95\" src=\"https:\/\/spstawiski.pl\/wp-content\/uploads\/2020\/09\/4ad81d5e-97d9-4cb8-b5d6-9d8d30bfa10e_f1400x900.jpg\" alt=\"kosciuszko\" width=\"1400\" height=\"900\" srcset=\"https:\/\/spstawiski.pl\/wp-content\/uploads\/2020\/09\/4ad81d5e-97d9-4cb8-b5d6-9d8d30bfa10e_f1400x900.jpg 1400w, https:\/\/spstawiski.pl\/wp-content\/uploads\/2020\/09\/4ad81d5e-97d9-4cb8-b5d6-9d8d30bfa10e_f1400x900-300x193.jpg 300w, https:\/\/spstawiski.pl\/wp-content\/uploads\/2020\/09\/4ad81d5e-97d9-4cb8-b5d6-9d8d30bfa10e_f1400x900-1024x658.jpg 1024w, https:\/\/spstawiski.pl\/wp-content\/uploads\/2020\/09\/4ad81d5e-97d9-4cb8-b5d6-9d8d30bfa10e_f1400x900-768x494.jpg 768w\" sizes=\"auto, (max-width: 1400px) 100vw, 1400px\" \/><\/h5>\n<h1 class=\"page-title\" style=\"text-align: center;\">PATRON<\/h1>\n<h3 style=\"text-align: center;\"><strong><em>Ko\u015bciuszko Andrzej Tadeusz Bonawentura <\/em><\/strong>herbu Roch<br \/>\n&#8211; polski i ameryka\u0144ski genera\u0142<\/h3>\n<h3 style=\"text-align: center;\">Bohater Polski, Stan\u00f3w Zjednoczonych Ameryki oraz Bia\u0142orusi<\/h3>\n<p style=\"text-align: left;\">Jego nazwisko nosi znajduj\u0105cy si\u0119 w Parku Narodowym Ko\u015bciuszki najwy\u017cszy szczyt Australii, wyspa na Alasce, miasto w stanie Missisipi, hrabstwo w stanie Indiana oraz dwa g\u0142\u00f3wne mosty w Nowym Jorku.<\/p>\n<p style=\"text-align: left;\">Patron naszej szko\u0142y pochodzi\u0142 ze \u015bredniej szlachty. Urodzi\u0142 si\u0119 4 lutego 1746 roku w Mereczowszczy\u017anie na Polesiu. Jego ojcem by\u0142 Ludwik Tadeusz Ko\u015bciuszko, a matk\u0105 Tekla z Ratomskich. W 1755 roku rozpocz\u0105\u0142 nauk\u0119 w Kolegium Pijar\u00f3w w Lubieszowie, za\u015b 18 grudnia 1765 r. wst\u0105pi\u0142 do Korpusu Kadet\u00f3w Szko\u0142y Rycerskiej w\u00a0Warszawie, kt\u00f3r\u0105 uko\u0144czy\u0142 w\u00a0stopniu kapitana artylerii.<\/p>\n<p style=\"text-align: left;\">W 1776 roku wyjecha\u0142 do Ameryki by wzi\u0105\u0107 udzia\u0142 w wojnie o niepodleg\u0142o\u015b\u0107 Stan\u00f3w Zjednoczonych. Jako in\u017cynier wojskowy fortyfikowa\u0142 Filadelfi\u0119 i obozy ameryka\u0144skiej armii p\u00f3\u0142nocnej. W pa\u017adzierniku 1777 r. przez ameryka\u0144ski Kongres zosta\u0142 mianowany pu\u0142kownikiem. Rozg\u0142os przyni\u00f3s\u0142 mu wk\u0142ad jego prac fortyfikacyjnych do ameryka\u0144skiego zwyci\u0119stwa w bitwie pod Saratog\u0105. Wyrazem uznania dla jego umiej\u0119tno\u015bci in\u017cynierskich by\u0142o powierzenie mu budowy silnej twierdzy West Point nad rzek\u0105 Hudson. W uznaniu zas\u0142ug uchwa\u0142\u0105 Kongresu 13\u00a0pa\u017adziernika 1783 r. zosta\u0142 awansowany na genera\u0142a brygady armii ameryka\u0144skiej. Jeszcze wi\u0119kszym wyr\u00f3\u017cnieniem by\u0142o przyj\u0119cie go, jako jednego z trzech cudzoziemc\u00f3w, do Towarzystwa Cyncynat\u00f3w. Order Cyncynata otrzyma\u0142 5 maja 1784 r. w Filadelfii z r\u0105k prezydenta Stan\u00f3w Zjednoczonych Jerzego Waszyngtona. Otrzyma\u0142 te\u017c specjalne podzi\u0119kowanie, nadanie gruntu (oko\u0142o 250 ha) oraz znaczn\u0105 sum\u0119 pieni\u0119dzy, kt\u00f3ra mia\u0142a by\u0107 wyp\u0142acona w terminie p\u00f3\u017aniejszym w rocznych ratach.<\/p>\n<p style=\"text-align: left;\">W nast\u0119pnym roku wr\u00f3ci\u0142 do Polski i osiad\u0142 w swym maj\u0105tku Siechnowicze. W 1789 r. zosta\u0142 powo\u0142any do wojska polskiego w stopniu genera\u0142a \u2013 majora. W 1792 r. w czasie wojny polsko\u2013rosyjskiej walcz\u0105c w armii koronnej odznaczy\u0142 si\u0119 w bitwach pod Zielenicami oraz pod Dubienk\u0105. Po przyst\u0105pieniu Stanis\u0142awa Augusta do Targowicy poda\u0142 si\u0119 do dymisji i wyjecha\u0142 do Lipska.<\/p>\n<p style=\"text-align: left;\">W 1793 r. z ramienia emigracji polskiej uda\u0142 si\u0119 do Pary\u017ca, by uzyska\u0107 pomoc dla Polski od francuskiego rz\u0105du rewolucyjnego. Jednak\u017ce jego misja nie powiod\u0142a si\u0119. Do Polski powr\u00f3ci\u0142 w marcu 1794 roku. Po og\u0142oszeniu insurekcji 24 marca 1794 r. na rynki krakowskim Ko\u015bciuszko z\u0142o\u017cy\u0142 przysi\u0119g\u0119 i obj\u0105\u0142 w\u0142adz\u0119 dyktatorsk\u0105 jako Najwy\u017cszy Naczelnik Si\u0142y Zbrojnej Narodowej. W czasie trwania walk stosowa\u0142 now\u0105 taktyk\u0119 w zakresie wsp\u00f3\u0142dzia\u0142ania broni, staraj\u0105c si\u0119 rekompensowa\u0107 niedostateczne uzbrojenie i wyszkolenie armii powsta\u0144czej. Wykaza\u0142 du\u017ce umiej\u0119tno\u015bci w zakresie fortyfikacji polowych. 4 kwietnia 1794 r. w bitwie pod Rac\u0142awicami rozbi\u0142 wojska rosyjskie, co umo\u017cliwi\u0142o mu spokojniejsze organizowanie armii polskiej i pozyskanie ch\u0142op\u00f3w. Dla zjednania wsi og\u0142osi\u0142 dwa uniwersa\u0142y (pod Winiarami 2.V i Pola\u0144cem 5.V 1794 roku) znosz\u0105ce podda\u0144stwo osobiste i ograniczaj\u0105ce pa\u0144szczyzn\u0119.<\/p>\n<p style=\"text-align: left;\">Po kl\u0119sce w bitwie pod Maciejowicami 10 pa\u017adziernika 1794 r. ranny zosta\u0142 uwi\u0119ziony w twierdzy pietropaw\u0142owskiej w Petersburgu. Po z\u0142o\u017ceniu przysi\u0119gi wierno\u015bci oraz przyrzeczeniu, \u017ce nigdy nie powr\u00f3ci do Polski w 1796 roku zosta\u0142 zwolniony przez cara Paw\u0142a I. W 1797 roku wyjecha\u0142 do Stan\u00f3w Zjednoczonych. W 1798 r. Kongres wyp\u0142aci\u0142 mu zaleg\u0142e pobory, kt\u00f3re Ko\u015bciuszko natychmiast przeznaczy\u0142 na wykupienie wolno\u015bci i kszta\u0142cenie Murzyn\u00f3w. W lipcu 1798 roku przyby\u0142 do Pary\u017ca, gdzie wsp\u00f3\u0142dzia\u0142a\u0142 przy tworzeniu Legion\u00f3w Polskich. Sprzeciwia\u0142 si\u0119 jednak wi\u0105zaniu sprawy polskiej z Napoleonem, kt\u00f3remu nie ufa\u0142. Zmar\u0142 15 pa\u017adziernika 1817 r. w\u00a0Solurze w Szwajcarii, gdzie sp\u0119dzi\u0142 ostatnie lata swego \u017cycia. W 1818 r. trumna z jego zabalsamowanym cia\u0142em zosta\u0142a sprowadzona do kraju i 23 czerwca uroczy\u015bcie z\u0142o\u017cona w krypcie \u015bw. Leonarda na Wawelu.<\/p>\n<p style=\"text-align: left;\">W 1921 r. polski Sejm podj\u0105\u0142 uchwa\u0142\u0119 o sprowadzeniu serca Ko\u015bciuszki do kraju, co zosta\u0142o zrealizowane 15\u00a0pa\u017adziernika 1927 r. Od 13 czerwca 1983 r. urna z sercem Tadeusza Ko\u015bciuszki znajduje si\u0119 na Zamku Kr\u00f3lewskim w Warszawie.<\/p>\n","protected":false},"excerpt":{"rendered":"<p>PATRON Ko\u015bciuszko Andrzej Tadeusz Bonawentura herbu Roch &#8211; polski i ameryka\u0144ski genera\u0142 Bohater Polski, Stan\u00f3w Zjednoczonych Ameryki oraz Bia\u0142orusi Jego nazwisko nosi znajduj\u0105cy si\u0119 w&hellip;<\/p>\n","protected":false},"author":1,"featured_media":0,"parent":0,"menu_order":0,"comment_status":"closed","ping_status":"closed","template":"","meta":{"footnotes":""},"class_list":["post-88","page","type-page","status-publish","hentry"],"_links":{"self":[{"href":"https:\/\/spstawiski.pl\/index.php?rest_route=\/wp\/v2\/pages\/88","targetHints":{"allow":["GET"]}}],"collection":[{"href":"https:\/\/spstawiski.pl\/index.php?rest_route=\/wp\/v2\/pages"}],"about":[{"href":"https:\/\/spstawiski.pl\/index.php?rest_route=\/wp\/v2\/types\/page"}],"author":[{"embeddable":true,"href":"https:\/\/spstawiski.pl\/index.php?rest_route=\/wp\/v2\/users\/1"}],"replies":[{"embeddable":true,"href":"https:\/\/spstawiski.pl\/index.php?rest_route=%2Fwp%2Fv2%2Fcomments&post=88"}],"version-history":[{"count":32,"href":"https:\/\/spstawiski.pl\/index.php?rest_route=\/wp\/v2\/pages\/88\/revisions"}],"predecessor-version":[{"id":2224,"href":"https:\/\/spstawiski.pl\/index.php?rest_route=\/wp\/v2\/pages\/88\/revisions\/2224"}],"wp:attachment":[{"href":"https:\/\/spstawiski.pl\/index.php?rest_route=%2Fwp%2Fv2%2Fmedia&parent=88"}],"curies":[{"name":"wp","href":"https:\/\/api.w.org\/{rel}","templated":true}]}}

<h5 style="text-align: center;"><img loading="lazy" decoding="async" class="alignnone size-full wp-image-95" src="https://spstawiski.pl/wp-content/uploads/2020/09/4ad81d5e-97d9-4cb8-b5d6-9d8d30bfa10e_f1400x900.jpg" alt="kosciuszko" width="1400" height="900" srcset="https://spstawiski.pl/wp-content/uploads/2020/09/4ad81d5e-97d9-4cb8-b5d6-9d8d30bfa10e_f1400x900.jpg 1400w, https://spstawiski.pl/wp-content/uploads/2020/09/4ad81d5e-97d9-4cb8-b5d6-9d8d30bfa10e_f1400x900-300x193.jpg 300w, https://spstawiski.pl/wp-content/uploads/2020/09/4ad81d5e-97d9-4cb8-b5d6-9d8d30bfa10e_f1400x900-1024x658.jpg 1024w, https://spstawiski.pl/wp-content/uploads/2020/09/4ad81d5e-97d9-4cb8-b5d6-9d8d30bfa10e_f1400x900-768x494.jpg 768w" sizes="auto, (max-width: 1400px) 100vw, 1400px" /></h5>
<h1 class="page-title" style="text-align: center;">PATRON</h1>
<h3 style="text-align: center;"><strong><em>Kościuszko Andrzej Tadeusz Bonawentura </em></strong>herbu Roch<br />
&#8211; polski i amerykański generał</h3>
<h3 style="text-align: center;">Bohater Polski, Stanów Zjednoczonych Ameryki oraz Białorusi</h3>
<p style="text-align: left;">Jego nazwisko nosi znajdujący się w Parku Narodowym Kościuszki najwyższy szczyt Australii, wyspa na Alasce, miasto w stanie Missisipi, hrabstwo w stanie Indiana oraz dwa główne mosty w Nowym Jorku.</p>
<p style="text-align: left;">Patron naszej szkoły pochodził ze średniej szlachty. Urodził się 4 lutego 1746 roku w Mereczowszczyźnie na Polesiu. Jego ojcem był Ludwik Tadeusz Kościuszko, a matką Tekla z Ratomskich. W 1755 roku rozpoczął naukę w Kolegium Pijarów w Lubieszowie, zaś 18 grudnia 1765 r. wstąpił do Korpusu Kadetów Szkoły Rycerskiej w Warszawie, którą ukończył w stopniu kapitana artylerii.</p>
<p style="text-align: left;">W 1776 roku wyjechał do Ameryki by wziąć udział w wojnie o niepodległość Stanów Zjednoczonych. Jako inżynier wojskowy fortyfikował Filadelfię i obozy amerykańskiej armii północnej. W październiku 1777 r. przez amerykański Kongres został mianowany pułkownikiem. Rozgłos przyniósł mu wkład jego prac fortyfikacyjnych do amerykańskiego zwycięstwa w bitwie pod Saratogą. Wyrazem uznania dla jego umiejętności inżynierskich było powierzenie mu budowy silnej twierdzy West Point nad rzeką Hudson. W uznaniu zasług uchwałą Kongresu 13 października 1783 r. został awansowany na generała brygady armii amerykańskiej. Jeszcze większym wyróżnieniem było przyjęcie go, jako jednego z trzech cudzoziemców, do Towarzystwa Cyncynatów. Order Cyncynata otrzymał 5 maja 1784 r. w Filadelfii z rąk prezydenta Stanów Zjednoczonych Jerzego Waszyngtona. Otrzymał też specjalne podziękowanie, nadanie gruntu (około 250 ha) oraz znaczną sumę pieniędzy, która miała być wypłacona w terminie późniejszym w rocznych ratach.</p>
<p style="text-align: left;">W następnym roku wrócił do Polski i osiadł w swym majątku Siechnowicze. W 1789 r. został powołany do wojska polskiego w stopniu generała – majora. W 1792 r. w czasie wojny polsko–rosyjskiej walcząc w armii koronnej odznaczył się w bitwach pod Zielenicami oraz pod Dubienką. Po przystąpieniu Stanisława Augusta do Targowicy podał się do dymisji i wyjechał do Lipska.</p>
<p style="text-align: left;">W 1793 r. z ramienia emigracji polskiej udał się do Paryża, by uzyskać pomoc dla Polski od francuskiego rządu rewolucyjnego. Jednakże jego misja nie powiodła się. Do Polski powrócił w marcu 1794 roku. Po ogłoszeniu insurekcji 24 marca 1794 r. na rynki krakowskim Kościuszko złożył przysięgę i objął władzę dyktatorską jako Najwyższy Naczelnik Siły Zbrojnej Narodowej. W czasie trwania walk stosował nową taktykę w zakresie współdziałania broni, starając się rekompensować niedostateczne uzbrojenie i wyszkolenie armii powstańczej. Wykazał duże umiejętności w zakresie fortyfikacji polowych. 4 kwietnia 1794 r. w bitwie pod Racławicami rozbił wojska rosyjskie, co umożliwiło mu spokojniejsze organizowanie armii polskiej i pozyskanie chłopów. Dla zjednania wsi ogłosił dwa uniwersały (pod Winiarami 2.V i Polańcem 5.V 1794 roku) znoszące poddaństwo osobiste i ograniczające pańszczyznę.</p>
<p style="text-align: left;">Po klęsce w bitwie pod Maciejowicami 10 października 1794 r. ranny został uwięziony w twierdzy pietropawłowskiej w Petersburgu. Po złożeniu przysięgi wierności oraz przyrzeczeniu, że nigdy nie powróci do Polski w 1796 roku został zwolniony przez cara Pawła I. W 1797 roku wyjechał do Stanów Zjednoczonych. W 1798 r. Kongres wypłacił mu zaległe pobory, które Kościuszko natychmiast przeznaczył na wykupienie wolności i kształcenie Murzynów. W lipcu 1798 roku przybył do Paryża, gdzie współdziałał przy tworzeniu Legionów Polskich. Sprzeciwiał się jednak wiązaniu sprawy polskiej z Napoleonem, któremu nie ufał. Zmarł 15 października 1817 r. w Solurze w Szwajcarii, gdzie spędził ostatnie lata swego życia. W 1818 r. trumna z jego zabalsamowanym ciałem została sprowadzona do kraju i 23 czerwca uroczyście złożona w krypcie św. Leonarda na Wawelu.</p>
<p style="text-align: left;">W 1921 r. polski Sejm podjął uchwałę o sprowadzeniu serca Kościuszki do kraju, co zostało zrealizowane 15 października 1927 r. Od 13 czerwca 1983 r. urna z sercem Tadeusza Kościuszki znajduje się na Zamku Królewskim w Warszawie.</p>

<p>PATRON Kościuszko Andrzej Tadeusz Bonawentura herbu Roch &#8211; polski i amerykański generał Bohater Polski, Stanów Zjednoczonych Ameryki oraz Białorusi Jego nazwisko nosi znajdujący się w&hellip;</p>
