{"id":27,"date":"2020-09-30T11:14:15","date_gmt":"2020-09-30T11:14:15","guid":{"rendered":"http:\/\/spstawiski.pl\/?page_id=27"},"modified":"2021-10-11T22:36:30","modified_gmt":"2021-10-11T22:36:30","slug":"filia-w-jurcu-szlacheckim","status":"publish","type":"page","link":"https:\/\/spstawiski.pl\/?page_id=27","title":{"rendered":"FILIA W JURCU SZLACHECKIM"},"content":{"rendered":"<p style=\"text-align: center;\"><img loading=\"lazy\" decoding=\"async\" class=\"alignnone size-full wp-image-776\" src=\"https:\/\/spstawiski.pl\/wp-content\/uploads\/2020\/10\/sfjurzecszlachecki.jpg\" alt=\"Szko\u0142a filialna w Jurcu Szlacheckim\" width=\"975\" height=\"490\" srcset=\"https:\/\/spstawiski.pl\/wp-content\/uploads\/2020\/10\/sfjurzecszlachecki.jpg 975w, https:\/\/spstawiski.pl\/wp-content\/uploads\/2020\/10\/sfjurzecszlachecki-300x151.jpg 300w, https:\/\/spstawiski.pl\/wp-content\/uploads\/2020\/10\/sfjurzecszlachecki-768x386.jpg 768w\" sizes=\"auto, (max-width: 975px) 100vw, 975px\" \/><\/p>\n<h1 class=\"titlebar-title h1\" style=\"text-align: center;\">FILIA W JURCU SZLACHECKIM<\/h1>\n<p style=\"text-align: left;\">W roku 1912 po raz pierwszy w dziejach historii powstania i rozwoju Jurc\u00f3w zosta\u0142a uruchomiona szko\u0142a z j\u0119zykiem rosyjskim o jednym nauczycielu. Umiejscowiono j\u0105 w prywatnym domu rodziny Samluk w Jurcu W\u0142o\u015bcia\u0144skim. Pierwsz\u0105 nauczycielk\u0105 w tej szkole by\u0142a pani Leokadia Wadzinowska z \u0141om\u017cy.<\/p>\n<p style=\"text-align: left;\">W 1913 roku nieopodal dzisiejszej szko\u0142y, na terenie Antoniego Zacharzewskiego gromadzono materia\u0142y na budow\u0119 szko\u0142y w Jurcu Folwark. Wybuch I wojny \u015bwiatowej przerwa\u0142 nie tylko nauk\u0119 w \u00f3wczesnej szkole, ale r\u00f3wnie\u017c budow\u0119 szko\u0142y. Dzia\u0142ania wojenne przesun\u0119\u0142y si\u0119 na tereny obu Jurc\u00f3w i zniszczy\u0142y nie tylko teren zgromadzonych materia\u0142\u00f3w, jak r\u00f3wnie\u017c teren na kt\u00f3rym trwa\u0142a budowa szko\u0142y.<\/p>\n<p style=\"text-align: left;\">Po odzyskaniu niepodleg\u0142o\u015bci w 1918 roku otworzono szko\u0142\u0119 o jednym nauczycielu w Jurcu Szlacheckim. Uczy\u0142a w niej Leokadia Kowalewska z \u0141om\u017cy. Po roku szko\u0142\u0119 przeniesiono do Jurca Folwark (\u00f3wcze\u015bnie Jurzec W\u0142.). Uczy\u0142 w niej oficer wojska polskiego pan Szymanowski, kt\u00f3ry by\u0142 op\u0142acany ca\u0142y czas przez mieszka\u0144c\u00f3w wsi. Po roku powo\u0142ano go do wojska i na jego miejsce przydzielono starsz\u0105 pani\u0105 (nazwisko nieznane). Uczy\u0142a ona tu tylko jeden rok. Nast\u0119pn\u0105 nauczycielk\u0105 by\u0142a m\u0142oda i bardzo energiczna Zofia Wyrobc\u00f3wna z Trzebieni.\u00a0 Trudn\u0105 i ci\u0119\u017ck\u0105 prac\u0105 pedagogiczn\u0105 podnosi\u0142a nie tylko poziom szko\u0142y, ale i doros\u0142ej m\u0142odzie\u017cy, kt\u00f3ra uczy\u0142a si\u0119 na kursach wieczorowych. Jurce nie cieszy\u0142y si\u0119 d\u0142ugo pani\u0105 Zofi\u0105, bo po roku przeniesiono j\u0105 do innej szko\u0142y za \u0141om\u017c\u0105, a na jej miejsce przys\u0142ano nauczyciela \u0141\u0119tka ze szko\u0142y w Bar\u017cykowie.<\/p>\n<p style=\"text-align: left;\">W roku 1925 podniesiono stopie\u0144 tutejszej szko\u0142y. Przydzielono dw\u00f3ch nauczycieli i utworzono pi\u0119\u0107 klas, drug\u0105 nauczycielk\u0105 by\u0142a pani Wacyk\u00f3wna. Po roku Wacyk\u00f3wna wysz\u0142a za m\u0105\u017c i przeprowadzi\u0142a si\u0119 do Roman do m\u0119\u017ca Zycha r\u00f3wnie\u017c nauczyciela, a na jej miejsce przydzielono m\u0142od\u0105 Sigl\u00f3wn\u0119. W 1926 roku zmar\u0142 nauczyciel \u0141\u0119tek, wi\u0119c na jego miejsce mianowano nauczycielk\u0119 Adel\u0119 Zalesk\u0105, kt\u00f3ra uczy\u0142a tu do 1939 roku, do wybuchy II wojny \u015bwiatowej. W czasie okupacji prowadzi\u0142a tajne nauczanie i od 1945 roku do 1947 uczy\u0142a w tutejszej szkole. Przydzielono r\u00f3wnie\u017c m\u0142odego nauczyciela Mieczys\u0142awa Smoli\u0144skiego, kt\u00f3ry uczy\u0142 tu do 1940.<\/p>\n<p style=\"text-align: left;\">W latach 1940-44 prowadzone by\u0142o tu tajne nauczanie w klasach 1-7. W roku 1945 uruchomiono szko\u0142\u0119 siedmioklasow\u0105 o czterech nauczycielach. Uczyli w niej Adela Zaleska, Stanis\u0142aw Leszczy\u0144ski z \u017con\u0105 Mari\u0105 i Stefan Federowicz do 1947 roku.<\/p>\n<p style=\"text-align: left;\">W 1945 roku Stefan Leszczy\u0144ski i Stefan Federowicz postanowili zbudowa\u0107 szko\u0142\u0119 w Jurcu W\u0142o\u015bcia\u0144skim murowan\u0105, jednopi\u0119trow\u0105, ca\u0142\u0105 podpiwniczan\u0105 o d\u0142ugo\u015bci 30 metr\u00f3w i szeroko\u015bci 14 metr\u00f3w. Na potrzeby budowy tej szko\u0142y uzyskano pozwolenie na rozbi\u00f3rk\u0119 dwupi\u0119trowego budynku wojskowego w lesie stawiskowskim. Budynek ten ofiarowa\u0142 na cel budowy szko\u0142y w Jurcu W\u0142o\u015bcia\u0144skim nadle\u015bniczy z \u0141om\u017cy Wiktor Bielicki. Jednak trudno\u015bci organizacyjne i sprzeciw wielu mieszka\u0144c\u00f3w Jurca W\u0142o\u015bcia\u0144skiego skutecznie zniech\u0119ci\u0142y organizator\u00f3w do budowy tej\u017ce szko\u0142y, i\u017c w 1947 roku przenie\u015bli si\u0119 oni do innych szk\u00f3\u0142 w powiecie \u0142om\u017cy\u0144skim.<\/p>\n<p style=\"text-align: left;\">W latach 1947-58 uczyli tu nast\u0119puj\u0105cy nauczyciele: Barcikowska, Bielicka, Wasik, Pie\u0144kowski, Karwowski, Kalinowska, Wiszowata, Ostrowska, Filipkowska, Ostatkiewicz.<\/p>\n<p style=\"text-align: left;\">W \u00a01958 roku wr\u00f3ci\u0142 do Jurca W\u0142o\u015bcia\u0144skiego Stefan Federowicz i zn\u00f3w rozpocz\u0105\u0142 realizowa\u0107 plan budowy. Gromadzi\u0142 materia\u0142y i odpowiednie dokumenty. Jednak kolejne trudno\u015bci, tym razem nie zniech\u0119ci\u0142y organizatora. Uzyska\u0142 on odpowiednie pozwolenia i przyst\u0105piono do budowy szko\u0142y\u2026<\/p>\n<p style=\"text-align: left;\">CDN \ud83d\ude42<\/p>\n","protected":false},"excerpt":{"rendered":"<p>FILIA W JURCU SZLACHECKIM W roku 1912 po raz pierwszy w dziejach historii powstania i rozwoju Jurc\u00f3w zosta\u0142a uruchomiona szko\u0142a z j\u0119zykiem rosyjskim o jednym&hellip;<\/p>\n","protected":false},"author":1,"featured_media":0,"parent":0,"menu_order":0,"comment_status":"closed","ping_status":"closed","template":"","meta":{"footnotes":""},"class_list":["post-27","page","type-page","status-publish","hentry"],"_links":{"self":[{"href":"https:\/\/spstawiski.pl\/index.php?rest_route=\/wp\/v2\/pages\/27","targetHints":{"allow":["GET"]}}],"collection":[{"href":"https:\/\/spstawiski.pl\/index.php?rest_route=\/wp\/v2\/pages"}],"about":[{"href":"https:\/\/spstawiski.pl\/index.php?rest_route=\/wp\/v2\/types\/page"}],"author":[{"embeddable":true,"href":"https:\/\/spstawiski.pl\/index.php?rest_route=\/wp\/v2\/users\/1"}],"replies":[{"embeddable":true,"href":"https:\/\/spstawiski.pl\/index.php?rest_route=%2Fwp%2Fv2%2Fcomments&post=27"}],"version-history":[{"count":17,"href":"https:\/\/spstawiski.pl\/index.php?rest_route=\/wp\/v2\/pages\/27\/revisions"}],"predecessor-version":[{"id":2217,"href":"https:\/\/spstawiski.pl\/index.php?rest_route=\/wp\/v2\/pages\/27\/revisions\/2217"}],"wp:attachment":[{"href":"https:\/\/spstawiski.pl\/index.php?rest_route=%2Fwp%2Fv2%2Fmedia&parent=27"}],"curies":[{"name":"wp","href":"https:\/\/api.w.org\/{rel}","templated":true}]}}